{"id":74,"date":"2016-03-11T12:33:36","date_gmt":"2016-03-11T11:33:36","guid":{"rendered":"http:\/\/www.aufkleber-druck-profi.de\/?page_id=74"},"modified":"2018-03-19T10:12:07","modified_gmt":"2018-03-19T09:12:07","slug":"platzierung-outdoor","status":"publish","type":"page","link":"http:\/\/poster-druck-profi.de\/?page_id=74","title":{"rendered":"Platzierung (Outdoor)"},"content":{"rendered":"<p>Es gibt viele Orte, an denen Sie Poster aufh\u00e4ngen k\u00f6nnen.<\/p>\n<p>Sie k\u00f6nnen sie an Ihrer Geb\u00e4udewand anbringen oder hinter ein Schaufenster kleben, sowie bei der Eingangst\u00fcr anbringen.<\/p>\n<p>Falls Sie \u00fcber einen Leuchtkasten verf\u00fcgen, dann k\u00f6nnen Sie das Poster auch im Leuchtkasten anbringen.<\/p>\n<p>Das Poster kann nat\u00fcrlich auch weiter von Ihrem Geb\u00e4ude entfernt h\u00e4ngen, wie z.B. an einer Litfa\u00dfs\u00e4ule oder an einer Plakatwand.<\/p>\n","protected":false},"excerpt":{"rendered":"<p>Es gibt viele Orte, an denen Sie Poster aufh\u00e4ngen k\u00f6nnen. Sie k\u00f6nnen sie an Ihrer Geb\u00e4udewand anbringen oder hinter ein<\/p>\n","protected":false},"author":1,"featured_media":0,"parent":0,"menu_order":0,"comment_status":"closed","ping_status":"closed","template":"","meta":[],"_links":{"self":[{"href":"http:\/\/poster-druck-profi.de\/index.php?rest_route=\/wp\/v2\/pages\/74"}],"collection":[{"href":"http:\/\/poster-druck-profi.de\/index.php?rest_route=\/wp\/v2\/pages"}],"about":[{"href":"http:\/\/poster-druck-profi.de\/index.php?rest_route=\/wp\/v2\/types\/page"}],"author":[{"embeddable":true,"href":"http:\/\/poster-druck-profi.de\/index.php?rest_route=\/wp\/v2\/users\/1"}],"replies":[{"embeddable":true,"href":"http:\/\/poster-druck-profi.de\/index.php?rest_route=%2Fwp%2Fv2%2Fcomments&post=74"}],"version-history":[{"count":5,"href":"http:\/\/poster-druck-profi.de\/index.php?rest_route=\/wp\/v2\/pages\/74\/revisions"}],"predecessor-version":[{"id":315,"href":"http:\/\/poster-druck-profi.de\/index.php?rest_route=\/wp\/v2\/pages\/74\/revisions\/315"}],"wp:attachment":[{"href":"http:\/\/poster-druck-profi.de\/index.php?rest_route=%2Fwp%2Fv2%2Fmedia&parent=74"}],"curies":[{"name":"wp","href":"https:\/\/api.w.org\/{rel}","templated":true}]}}